{"id":1187,"date":"2014-09-28T14:34:39","date_gmt":"2014-09-28T12:34:39","guid":{"rendered":"https:\/\/ekuna.hu\/index.php\/contact\/"},"modified":"2023-03-20T22:47:09","modified_gmt":"2023-03-20T20:47:09","slug":"contact","status":"publish","type":"page","link":"https:\/\/www.ekuna.hu\/index.php\/contact\/","title":{"rendered":"K\u00e9szs\u00e9ggel v\u00e1rjuk jelentkez\u00e9s\u00e9t"},"content":{"rendered":"<div class=\"wpb-content-wrapper\"><p>[vc_row][vc_column][vc_column_text]<\/p>\n<div class=\"contact-info\">\n<div class=\"text-holder\">\n<h3><img loading=\"lazy\" decoding=\"async\" class=\"alignnone size-full wp-image-1149\" src=\"https:\/\/ekuna.hu\/wp-content\/uploads\/2014\/09\/ekuna_logo_org_hu_120.jpg\" alt=\"\" width=\"120\" height=\"120\" \/><\/h3>\n<h3>Ekuna Szolg\u00e1ltat\u00f3 &#8211; Gy\u00e1rt\u00f3 &#8211; Kereskedelmi Kft.<\/h3>\n<div class=\"two-column\">\n<div class=\"left\">\n<p>Tel. +36 66 484 739<\/p>\n<p>Fax +36 66 585 051<\/p>\n<p>J\u00e9ggy\u00e1r u. 1.<\/p>\n<p>5510 D\u00e9vav\u00e1nya<\/p>\n<p>Magyarorsz\u00e1g<\/p>\n<p>&nbsp;<\/p>\n<\/div>\n<div class=\"left\">\n<p>Vev\u0151szolg\u00e1lat:<\/p>\n<p><a href=\"mailto:info@ekuna.hu\">info(at)ekuna.hu<\/a><\/p>\n<\/div>\n<\/div>\n<\/div>\n<\/div>\n<p>[\/vc_column_text][\/vc_column][\/vc_row][vc_row][vc_column][vc_empty_space height=&#8221;35px&#8221;][\/vc_column][\/vc_row][vc_row el_class=&#8221;gmaps&#8221;][vc_column][vc_gmaps link=&#8221;#E-8_JTNDaWZyYW1lJTIwc3JjJTNEJTIyaHR0cHMlM0ElMkYlMkZ3d3cuZ29vZ2xlLmNvbSUyRm1hcHMlMkZlbWJlZCUzRnBiJTNEJTIxMW0xOCUyMTFtMTIlMjExbTMlMjExZDI3MTkuNjQxMDg5NjcxMzc2NCUyMTJkMjAuOTUzNjcxNjE2MDMxMzIyJTIxM2Q0Ny4wMjc2NDk2MzU3ODM0NiUyMTJtMyUyMTFmMCUyMTJmMCUyMTNmMCUyMTNtMiUyMTFpMTAyNCUyMTJpNzY4JTIxNGYxMy4xJTIxM20zJTIxMW0yJTIxMXMweDQ3NDY5NWY1ZjU1OTgxYzMlMjUzQTB4ZjJiZWY2NzhhMzk2YWFlYiUyMTJzRWt1bmElMkJLZnQuJTIxNWUwJTIxM20yJTIxMXNkZSUyMTJzZGUlMjE0djE1MTA4MTM2OTYzNzYlMjIlMjB3aWR0aCUzRCVFMiU4MCU5RTEwMCUyNSVFMiU4MCU5QyUyMGhlaWdodCUzRCVFMiU4MCU5RTIzMCVFMiU4MCU5QyUyMGZyYW1lYm9yZGVyJTNEJTIyMCUyMiUyMHN0eWxlJTNEJTIyYm9yZGVyJTNBMCUyMiUzRSUzQyUyRmlmcmFtZSUzRQ==&#8221; size=&#8221;230&#8243; el_class=&#8221;google-map&#8221;][\/vc_column][\/vc_row][vc_row][vc_column][vc_empty_space height=&#8221;55px&#8221;][\/vc_column][\/vc_row][vc_row][vc_column][vc_column_text]<\/p>\n<h3>Rendel\u0151ink \u00e1ltal gyakran feltett k\u00e9rd\u00e9sek<\/h3>\n<div class=\"accordion-holder\"><\/div>\n<p>[\/vc_column_text][\/vc_column][\/vc_row][vc_row][vc_column][vc_accordion active_tab=&#8221;false&#8221;][vc_accordion_tab title=&#8221;Milyen dokumentumokat \u00e9s inform\u00e1ci\u00f3kat kellene el\u0151k\u00e9sz\u00edteni egy aj\u00e1nlatk\u00e9r\u00e9shez vagy megrendel\u00e9shez?&#8221;][vc_column_text]Alkatr\u00e9szek list\u00e1ja, gy\u00e1rt\u00f3k \u00e9s besz\u00e1ll\u00edt\u00f3k, mennyis\u00e9g, protot\u00edpusok, rajzok, telep\u00edt\u00e9si utas\u00edt\u00e1sok, nyomtatott \u00e1ramk\u00f6r\u00f6k elrendez\u00e9se, vizsg\u00e1lati utas\u00edt\u00e1sok \u00e9s programoz\u00e1si utas\u00edt\u00e1sok, dokument\u00e1ci\u00f3s k\u00f6vetelm\u00e9nyek, csomagol\u00e1si utas\u00edt\u00e1sok, sz\u00e1ll\u00edt\u00e1si c\u00edm, \u00fctemez\u00e9s, projekt neve \u00e9s sz\u00fcks\u00e9g eset\u00e9n j\u00f3v\u00e1hagy\u00e1si k\u00f6vetelm\u00e9nyek.[\/vc_column_text][\/vc_accordion_tab][\/vc_accordion][\/vc_column][\/vc_row]<\/p>\n<\/div>","protected":false},"excerpt":{"rendered":"<p>[vc_row][vc_column][vc_column_text] Ekuna Szolg\u00e1ltat\u00f3 &#8211; Gy\u00e1rt\u00f3 &#8211; Kereskedelmi Kft. Tel. +36 66 484 739 Fax +36 66 585 051 J\u00e9ggy\u00e1r u. 1. 5510 D\u00e9vav\u00e1nya Magyarorsz\u00e1g &nbsp; Vev\u0151szolg\u00e1lat: info(at)ekuna.hu [\/vc_column_text][\/vc_column][\/vc_row][vc_row][vc_column][vc_empty_space height=&#8221;35px&#8221;][\/vc_column][\/vc_row][vc_row el_class=&#8221;gmaps&#8221;][vc_column][vc_gmaps link=&#8221;#E-8_JTNDaWZyYW1lJTIwc3JjJTNEJTIyaHR0cHMlM0ElMkYlMkZ3d3cuZ29vZ2xlLmNvbSUyRm1hcHMlMkZlbWJlZCUzRnBiJTNEJTIxMW0xOCUyMTFtMTIlMjExbTMlMjExZDI3MTkuNjQxMDg5NjcxMzc2NCUyMTJkMjAuOTUzNjcxNjE2MDMxMzIyJTIxM2Q0Ny4wMjc2NDk2MzU3ODM0NiUyMTJtMyUyMTFmMCUyMTJmMCUyMTNmMCUyMTNtMiUyMTFpMTAyNCUyMTJpNzY4JTIxNGYxMy4xJTIxM20zJTIxMW0yJTIxMXMweDQ3NDY5NWY1ZjU1OTgxYzMlMjUzQTB4ZjJiZWY2NzhhMzk2YWFlYiUyMTJzRWt1bmElMkJLZnQuJTIxNWUwJTIxM20yJTIxMXNkZSUyMTJzZGUlMjE0djE1MTA4MTM2OTYzNzYlMjIlMjB3aWR0aCUzRCVFMiU4MCU5RTEwMCUyNSVFMiU4MCU5QyUyMGhlaWdodCUzRCVFMiU4MCU5RTIzMCVFMiU4MCU5QyUyMGZyYW1lYm9yZGVyJTNEJTIyMCUyMiUyMHN0eWxlJTNEJTIyYm9yZGVyJTNBMCUyMiUzRSUzQyUyRmlmcmFtZSUzRQ==&#8221; size=&#8221;230&#8243; el_class=&#8221;google-map&#8221;][\/vc_column][\/vc_row][vc_row][vc_column][vc_empty_space height=&#8221;55px&#8221;][\/vc_column][\/vc_row][vc_row][vc_column][vc_column_text] Rendel\u0151ink \u00e1ltal gyakran feltett k\u00e9rd\u00e9sek [\/vc_column_text][\/vc_column][\/vc_row][vc_row][vc_column][vc_accordion active_tab=&#8221;false&#8221;][vc_accordion_tab title=&#8221;Milyen dokumentumokat \u00e9s inform\u00e1ci\u00f3kat kellene el\u0151k\u00e9sz\u00edteni egy aj\u00e1nlatk\u00e9r\u00e9shez vagy megrendel\u00e9shez?&#8221;][vc_column_text]Alkatr\u00e9szek list\u00e1ja, gy\u00e1rt\u00f3k \u00e9s besz\u00e1ll\u00edt\u00f3k, [&hellip;]<\/p>\n","protected":false},"author":1,"featured_media":1189,"parent":0,"menu_order":600,"comment_status":"closed","ping_status":"closed","template":"page-templates\/page-hu.php","meta":{"_monsterinsights_skip_tracking":false,"_monsterinsights_sitenote_active":false,"_monsterinsights_sitenote_note":"","_monsterinsights_sitenote_category":0,"footnotes":""},"_links":{"self":[{"href":"https:\/\/www.ekuna.hu\/index.php\/wp-json\/wp\/v2\/pages\/1187"}],"collection":[{"href":"https:\/\/www.ekuna.hu\/index.php\/wp-json\/wp\/v2\/pages"}],"about":[{"href":"https:\/\/www.ekuna.hu\/index.php\/wp-json\/wp\/v2\/types\/page"}],"author":[{"embeddable":true,"href":"https:\/\/www.ekuna.hu\/index.php\/wp-json\/wp\/v2\/users\/1"}],"replies":[{"embeddable":true,"href":"https:\/\/www.ekuna.hu\/index.php\/wp-json\/wp\/v2\/comments?post=1187"}],"version-history":[{"count":3,"href":"https:\/\/www.ekuna.hu\/index.php\/wp-json\/wp\/v2\/pages\/1187\/revisions"}],"predecessor-version":[{"id":1422,"href":"https:\/\/www.ekuna.hu\/index.php\/wp-json\/wp\/v2\/pages\/1187\/revisions\/1422"}],"wp:featuredmedia":[{"embeddable":true,"href":"https:\/\/www.ekuna.hu\/index.php\/wp-json\/wp\/v2\/media\/1189"}],"wp:attachment":[{"href":"https:\/\/www.ekuna.hu\/index.php\/wp-json\/wp\/v2\/media?parent=1187"}],"curies":[{"name":"wp","href":"https:\/\/api.w.org\/{rel}","templated":true}]}}