{"id":1192,"date":"2014-10-06T19:55:14","date_gmt":"2014-10-06T17:55:14","guid":{"rendered":"https:\/\/ekuna.hu\/index.php\/assembly-production\/"},"modified":"2020-08-21T08:51:27","modified_gmt":"2020-08-21T06:51:27","slug":"assembly-production","status":"publish","type":"page","link":"https:\/\/www.ekuna.hu\/index.php\/assembly-production\/","title":{"rendered":"Szolg\u00e1ltat\u00e1saink"},"content":{"rendered":"<div class=\"wpb-content-wrapper\"><p>[vc_row el_class=&#8221;row-fluid post-list small-overview&#8221;][vc_column][vc_row_inner el_class=&#8221;post-list-item&#8221;][vc_column_inner width=&#8221;1\/3&#8243;][vc_single_image image=&#8221;167&#8243; img_size=&#8221;full&#8221;][\/vc_column_inner][vc_column_inner el_class=&#8221;text-holder&#8221; width=&#8221;2\/3&#8243;][vc_column_text]<\/p>\n<h3><a title=\"THT be\u00fcltet\u00e9s\" href=\"https:\/\/www.ekuna.hu\/index.php\/assembly-production\/tht-mounting\/\">THT be\u00fcltet\u00e9s<\/a><\/h3>\n<p>Panelek manu\u00e1lis be\u00fcltet\u00e9se.<\/p>\n<p><a title=\"THT-mounting\" href=\"https:\/\/www.ekuna.hu\/index.php\/assembly-production\/tht-mounting\/\">Tudj meg t\u00f6bbet &gt;<\/a>[\/vc_column_text][\/vc_column_inner][\/vc_row_inner][vc_row_inner el_class=&#8221;post-list-item&#8221;][vc_column_inner width=&#8221;1\/3&#8243;][vc_single_image image=&#8221;160&#8243; img_size=&#8221;full&#8221;][\/vc_column_inner][vc_column_inner el_class=&#8221;text-holder&#8221; width=&#8221;2\/3&#8243;][vc_column_text]<\/p>\n<h3><a title=\"Module assembly\" href=\"https:\/\/www.ekuna.hu\/index.php\/assembly-production\/module-assembly\/\">Modul \u00f6ssze\u00e1ll\u00edt\u00e1s<\/a><\/h3>\n<p>Alkatr\u00e9szek \u00f6ssze\u00e1ll\u00edt\u00e1sa eg\u00e9szen a k\u00e9sz term\u00e9kig.<\/p>\n<p><a title=\"Module assembly\" href=\"https:\/\/www.ekuna.hu\/index.php\/assembly-production\/module-assembly\/\">Tudj meg t\u00f6bbet &gt;<\/a>[\/vc_column_text][\/vc_column_inner][\/vc_row_inner][vc_row_inner el_class=&#8221;post-list-item&#8221;][vc_column_inner width=&#8221;1\/3&#8243;][vc_single_image image=&#8221;168&#8243; img_size=&#8221;full&#8221;][\/vc_column_inner][vc_column_inner el_class=&#8221;text-holder&#8221; width=&#8221;2\/3&#8243;][vc_column_text]<\/p>\n<h3><a title=\"Potting\" href=\"https:\/\/www.ekuna.hu\/index.php\/assembly-production\/potting\/\">Ki\u00f6nt\u00e9s<\/a><\/h3>\n<p>Testreszabhat\u00f3 ki\u00f6nt\u00e9s megold\u00e1sok.<\/p>\n<p><a title=\"Potting\" href=\"https:\/\/www.ekuna.hu\/index.php\/assembly-production\/potting\/\">Tudj meg t\u00f6bbet &gt;<\/a>[\/vc_column_text][\/vc_column_inner][\/vc_row_inner][vc_row_inner el_class=&#8221;post-list-item&#8221;][vc_column_inner width=&#8221;1\/3&#8243;][vc_single_image image=&#8221;162&#8243; img_size=&#8221;full&#8221;][\/vc_column_inner][vc_column_inner el_class=&#8221;text-holder&#8221; width=&#8221;2\/3&#8243;][vc_column_text]<\/p>\n<h3><a title=\"PCB coating\" href=\"https:\/\/www.ekuna.hu\/index.php\/assembly-production\/pcb-mounting\/\">PCB lakkoz\u00e1s<\/a><\/h3>\n<p>Kiv\u00e1l\u00f3 v\u00e9delem a PCB sz\u00e1m\u00e1ra.<\/p>\n<p><a title=\"PCB coating\" href=\"https:\/\/www.ekuna.hu\/index.php\/assembly-production\/pcb-mounting\/\">Tudj meg t\u00f6bbet &gt;<\/a>[\/vc_column_text][\/vc_column_inner][\/vc_row_inner][vc_row_inner el_class=&#8221;post-list-item&#8221;][vc_column_inner width=&#8221;1\/3&#8243;][vc_single_image image=&#8221;166&#8243; img_size=&#8221;full&#8221;][\/vc_column_inner][vc_column_inner el_class=&#8221;text-holder&#8221; width=&#8221;2\/3&#8243;][vc_column_text]<\/p>\n<h3><a title=\"Pad printing\" href=\"https:\/\/www.ekuna.hu\/index.php\/assembly-production\/pad-printing\/\">Tampongrafika<\/a><\/h3>\n<p>Alkatr\u00e9szek vagy elad\u00e1sra-k\u00e9sz term\u00e9kekre val\u00f3 nyomtat\u00e1s.<\/p>\n<p><a title=\"Pad printing\" href=\"https:\/\/www.ekuna.hu\/index.php\/assembly-production\/pad-printing\/\">Tudj meg t\u00f6bbet &gt;<\/a>[\/vc_column_text][\/vc_column_inner][\/vc_row_inner][vc_row_inner el_class=&#8221;post-list-item&#8221;][vc_column_inner width=&#8221;1\/3&#8243;][vc_single_image image=&#8221;163&#8243; img_size=&#8221;full&#8221;][\/vc_column_inner][vc_column_inner el_class=&#8221;text-holder&#8221; width=&#8221;2\/3&#8243;][vc_column_text]<\/p>\n<h3><a title=\"Mechanical processing\" href=\"https:\/\/www.ekuna.hu\/index.php\/assembly-production\/mechanical-processing\/\">G\u00e9pi feldolgoz\u00e1s<\/a><\/h3>\n<p>V\u00e1g\u00e1s, eszterg\u00e1l\u00e1s, f\u00far\u00e1s&#8230; R\u00e9szletes \u00e9s pontos munk\u00e1latok.<\/p>\n<p><a title=\"Mechanical processing\" href=\"https:\/\/www.ekuna.hu\/index.php\/assembly-production\/mechanical-processing\/\">Tudj meg t\u00f6bbet &gt;<\/a>[\/vc_column_text][\/vc_column_inner][\/vc_row_inner][vc_row_inner el_class=&#8221;post-list-item&#8221;][vc_column_inner width=&#8221;1\/3&#8243;][vc_single_image image=&#8221;161&#8243; img_size=&#8221;full&#8221;][\/vc_column_inner][vc_column_inner el_class=&#8221;text-holder&#8221; width=&#8221;2\/3&#8243;][vc_column_text]<\/p>\n<h3><a title=\"Burn-in\" href=\"https:\/\/www.ekuna.hu\/index.php\/assembly-production\/burn-in\/\">Burn-in<\/a><\/h3>\n<p>Burn-in teszt a gyenge min\u0151s\u00e9g\u0171 alkatr\u00e9szek kisz\u0171r\u00e9s\u00e9re.<\/p>\n<p><a title=\"Burn-in\" href=\"https:\/\/www.ekuna.hu\/index.php\/assembly-production\/burn-in\/\">Tudj meg t\u00f6bbet &gt;<\/a>[\/vc_column_text][\/vc_column_inner][\/vc_row_inner][\/vc_column][\/vc_row][vc_row][vc_column][vc_column_text]<\/p>\n<h3>Szolg\u00e1ltat\u00e1saink &#8211; Pontoss\u00e1g \u00e9s megb\u00edzhat\u00f3s\u00e1g<\/h3>\n<p>C\u00e9g\u00fcnk el\u00e9g nagy ahhoz, hogy minden a PCB \u00f6ssze\u00e1ll\u00edt\u00e1ssal kapcsolatos n\u00e9l\u00fcl\u00f6zhetetlen szolg\u00e1ltat\u00e1st biztos\u00edtani tudja. Ugyanakkor szervezettek \u00e9s rugalmasak vagyunk, \u00edgy kiel\u00e9g\u00edthetj\u00fck \u00fcgyfeleink egy\u00e9ni ig\u00e9nyeit.[\/vc_column_text][\/vc_column][\/vc_row][vc_row][vc_column][vc_empty_space][\/vc_column][\/vc_row][vc_row el_class=&#8221;row-fluid iso-holder&#8221;][vc_column width=&#8221;1\/4&#8243; el_class=&#8221;span3&#8243;][vc_single_image image=&#8221;541&#8243; img_size=&#8221;full&#8221; onclick=&#8221;custom_link&#8221; img_link_target=&#8221;_blank&#8221; css=&#8221;.vc_custom_1597992678979{margin-top: -30px !important;}&#8221; link=&#8221;https:\/\/ekuna.hu\/wp-content\/uploads\/2020\/08\/Zertifikat-RZ-9001_2015-HU.pdf&#8221;][\/vc_column][vc_column width=&#8221;3\/4&#8243; el_class=&#8221;span9 text-holder&#8221;][vc_column_text]<\/p>\n<h3>Seg\u00edt\u0151k\u00e9sz hozz\u00e1\u00e1ll\u00e1s \u00e9s konzult\u00e1ci\u00f3<\/h3>\n<p>K\u00f6sz\u00f6nhet\u0151en a t\u00f6bb, mint 30 \u00e9ves tapasztalatnak melyet az akt\u00edv piacon szerezt\u00fcnk, \u00fcgyfeleinknek tan\u00e1csokat adunk \u00e9s seg\u00edts\u00e9get ny\u00fajtunk a termel\u00e9s megkezd\u00e9se el\u0151tt. Nyitottak vagyunk az \u00faj \u00e9s innovat\u00edv term\u00e9kaj\u00e1nlatokra az kezd\u0151v\u00e1llalkoz\u00e1sokt\u00f3l, seg\u00edt\u00fcnk megval\u00f3s\u00edtani elk\u00e9pzel\u00e9seiket. Legyen sz\u00f3 egy \u00f6sszeszerel\u00e9sr\u0151l vagy, ak\u00e1r egy teljes eszk\u00f6z legy\u00e1rt\u00e1s\u00e1r\u00f3l &#8211; szolg\u00e1ltat\u00e1saink a maximumot ny\u00fajtj\u00e1k, gyorsak, rugalmasak \u00e9s k\u00f6vetik az \u00fcgyf\u00e9l ig\u00e9nyeit.[\/vc_column_text][\/vc_column][\/vc_row][vc_row el_class=&#8221;red-btn&#8221;][vc_column][vc_button title=&#8221;L\u00e9pjen vel\u00fcnk kapcsolatba&#8221; href=&#8221;https:\/\/ekuna.hu\/index.php\/contact\/&#8221;][\/vc_column][\/vc_row]<\/p>\n<\/div>","protected":false},"excerpt":{"rendered":"<p>[vc_row el_class=&#8221;row-fluid post-list small-overview&#8221;][vc_column][vc_row_inner el_class=&#8221;post-list-item&#8221;][vc_column_inner width=&#8221;1\/3&#8243;][vc_single_image image=&#8221;167&#8243; img_size=&#8221;full&#8221;][\/vc_column_inner][vc_column_inner el_class=&#8221;text-holder&#8221; width=&#8221;2\/3&#8243;][vc_column_text] THT be\u00fcltet\u00e9s Panelek manu\u00e1lis be\u00fcltet\u00e9se. Tudj meg t\u00f6bbet &gt;[\/vc_column_text][\/vc_column_inner][\/vc_row_inner][vc_row_inner el_class=&#8221;post-list-item&#8221;][vc_column_inner width=&#8221;1\/3&#8243;][vc_single_image image=&#8221;160&#8243; img_size=&#8221;full&#8221;][\/vc_column_inner][vc_column_inner el_class=&#8221;text-holder&#8221; width=&#8221;2\/3&#8243;][vc_column_text] Modul \u00f6ssze\u00e1ll\u00edt\u00e1s Alkatr\u00e9szek \u00f6ssze\u00e1ll\u00edt\u00e1sa eg\u00e9szen a k\u00e9sz term\u00e9kig. Tudj meg t\u00f6bbet &gt;[\/vc_column_text][\/vc_column_inner][\/vc_row_inner][vc_row_inner el_class=&#8221;post-list-item&#8221;][vc_column_inner width=&#8221;1\/3&#8243;][vc_single_image image=&#8221;168&#8243; img_size=&#8221;full&#8221;][\/vc_column_inner][vc_column_inner el_class=&#8221;text-holder&#8221; width=&#8221;2\/3&#8243;][vc_column_text] Ki\u00f6nt\u00e9s Testreszabhat\u00f3 ki\u00f6nt\u00e9s megold\u00e1sok. Tudj meg t\u00f6bbet &gt;[\/vc_column_text][\/vc_column_inner][\/vc_row_inner][vc_row_inner el_class=&#8221;post-list-item&#8221;][vc_column_inner width=&#8221;1\/3&#8243;][vc_single_image image=&#8221;162&#8243; img_size=&#8221;full&#8221;][\/vc_column_inner][vc_column_inner [&hellip;]<\/p>\n","protected":false},"author":1,"featured_media":0,"parent":0,"menu_order":0,"comment_status":"closed","ping_status":"closed","template":"page-templates\/page-hu.php","meta":{"_monsterinsights_skip_tracking":false,"_monsterinsights_sitenote_active":false,"_monsterinsights_sitenote_note":"","_monsterinsights_sitenote_category":0,"footnotes":""},"_links":{"self":[{"href":"https:\/\/www.ekuna.hu\/index.php\/wp-json\/wp\/v2\/pages\/1192"}],"collection":[{"href":"https:\/\/www.ekuna.hu\/index.php\/wp-json\/wp\/v2\/pages"}],"about":[{"href":"https:\/\/www.ekuna.hu\/index.php\/wp-json\/wp\/v2\/types\/page"}],"author":[{"embeddable":true,"href":"https:\/\/www.ekuna.hu\/index.php\/wp-json\/wp\/v2\/users\/1"}],"replies":[{"embeddable":true,"href":"https:\/\/www.ekuna.hu\/index.php\/wp-json\/wp\/v2\/comments?post=1192"}],"version-history":[{"count":5,"href":"https:\/\/www.ekuna.hu\/index.php\/wp-json\/wp\/v2\/pages\/1192\/revisions"}],"predecessor-version":[{"id":1382,"href":"https:\/\/www.ekuna.hu\/index.php\/wp-json\/wp\/v2\/pages\/1192\/revisions\/1382"}],"wp:attachment":[{"href":"https:\/\/www.ekuna.hu\/index.php\/wp-json\/wp\/v2\/media?parent=1192"}],"curies":[{"name":"wp","href":"https:\/\/api.w.org\/{rel}","templated":true}]}}