{"id":935,"date":"2014-09-28T14:25:04","date_gmt":"2014-09-28T12:25:04","guid":{"rendered":"https:\/\/ekuna.hu\/index.php\/impressum\/"},"modified":"2023-03-20T22:45:56","modified_gmt":"2023-03-20T20:45:56","slug":"imprint","status":"publish","type":"page","link":"https:\/\/www.ekuna.hu\/index.php\/imprint\/?lang=en","title":{"rendered":"Imprint"},"content":{"rendered":"<div class=\"wpb-content-wrapper\"><p>[vc_row][vc_column][vc_column_text]Responsible for the content of this website:<\/p>\n<p>&nbsp;<\/p>\n<p>Ekuna Kft. &#8211; Electrical Engineering<br \/>\nJ\u00e9ggy\u00e1r u. 1.<br \/>\n5510 D\u00e9vav\u00e1nya<br \/>\nHungary<\/p>\n<p>&nbsp;<\/p>\n<p>Managing Director: L\u00e1szl\u00f3 Ugrai<\/p>\n<p>&nbsp;<\/p>\n<p>VAT no .: HU 11056713<\/p>\n<p>&nbsp;<\/p>\n<p>Tel. +36 66 484 739<br \/>\nFax +36 66 585 051<br \/>\ninfo@ekuna.hu[\/vc_column_text][\/vc_column][\/vc_row]<\/p>\n<\/div>","protected":false},"excerpt":{"rendered":"<p>[vc_row][vc_column][vc_column_text]Responsible for the content of this website: &nbsp; Ekuna Kft. &#8211; Electrical Engineering J\u00e9ggy\u00e1r u. 1. 5510 D\u00e9vav\u00e1nya Hungary &nbsp; Managing Director: L\u00e1szl\u00f3 Ugrai &nbsp; VAT no .: HU 11056713 &nbsp; Tel. +36 66 484 739 Fax +36 66 585 051 info@ekuna.hu[\/vc_column_text][\/vc_column][\/vc_row]<\/p>\n","protected":false},"author":1,"featured_media":0,"parent":0,"menu_order":700,"comment_status":"closed","ping_status":"open","template":"","meta":{"_monsterinsights_skip_tracking":false,"_monsterinsights_sitenote_active":false,"_monsterinsights_sitenote_note":"","_monsterinsights_sitenote_category":0,"footnotes":""},"_links":{"self":[{"href":"https:\/\/www.ekuna.hu\/index.php\/wp-json\/wp\/v2\/pages\/935"}],"collection":[{"href":"https:\/\/www.ekuna.hu\/index.php\/wp-json\/wp\/v2\/pages"}],"about":[{"href":"https:\/\/www.ekuna.hu\/index.php\/wp-json\/wp\/v2\/types\/page"}],"author":[{"embeddable":true,"href":"https:\/\/www.ekuna.hu\/index.php\/wp-json\/wp\/v2\/users\/1"}],"replies":[{"embeddable":true,"href":"https:\/\/www.ekuna.hu\/index.php\/wp-json\/wp\/v2\/comments?post=935"}],"version-history":[{"count":5,"href":"https:\/\/www.ekuna.hu\/index.php\/wp-json\/wp\/v2\/pages\/935\/revisions"}],"predecessor-version":[{"id":1420,"href":"https:\/\/www.ekuna.hu\/index.php\/wp-json\/wp\/v2\/pages\/935\/revisions\/1420"}],"wp:attachment":[{"href":"https:\/\/www.ekuna.hu\/index.php\/wp-json\/wp\/v2\/media?parent=935"}],"curies":[{"name":"wp","href":"https:\/\/api.w.org\/{rel}","templated":true}]}}